9455 a composite number?
True
Is 2598457 prime?
False
Is 53586931 composite?
False
Is 13448639 a composite number?
False
Is 100811803 composite?
False
Is 16352191 prime?
True
Is 128250463 a composite number?
True
Is 187194811 a prime number?
True
Is 8221939 a prime number?
False
Is 873127 a composite number?
True
Is 11665183 composite?
True
Is 129037771 prime?
False
Is 52854749 a prime number?
True
Is 5830619 a prime number?
False
Is 133573 prime?
False
Is 46307077 a composite number?
False
Is 1367921 composite?
False
Is 1278010115 composite?
True
Is 26041763 a composite number?
True
Is 543281 a prime number?
True
Is 18078623 a prime number?
True
Is 319287179 composite?
False
Is 585418811 prime?
True
Is 74741011 a prime number?
True
Is 837749 a prime number?
False
Is 11277263 a prime number?
False
Is 70471 composite?
True
Is 112087427 composite?
False
Is 257494 prime?
False
Is 9408517 prime?
True
Is 86766713 composite?
True
Is 9359759 a composite number?
False
Is 5579771 a composite number?
False
Is 28478659 a prime number?
False
Is 31307191 composite?
False
Is 3062863 a composite number?
False
Is 6139051 prime?
True
Is 5482501 a prime number?
False
Is 1426939 a prime number?
True
Is 100316417 a prime number?
False
Is 30555019 a prime number?
False
Is 12177953 a composite number?
True
Is 5122631 a prime number?
True
Is 112414853 prime?
True
Is 373068149 a prime number?
True
Is 14024719 a prime number?
False
Is 19340137 prime?
False
Is 373688347 a composite number?
False
Is 29677051 a composite number?
True
Is 1605739 prime?
True
Is 15005773 composite?
False
Is 26673019 a prime number?
True
Is 126637061 a prime number?
True
Is 15123109 composite?
False
Is 47954477 a composite number?
False
Is 17464181 a prime number?
False
Is 5443051 a prime number?
True
Is 80895277 a composite number?
True
Is 47086873 a composite number?
False
Is 4904699 a composite number?
False
Is 478415519 prime?
True
Is 27326167 prime?
False
Is 112911691 prime?
True
Is 11637001 composite?
False
Is 6437534 a prime number?
False
Is 54345331 prime?
True
Is 1479791 prime?
True
Is 2422777 a prime number?
False
Is 48613879 a composite number?
True
Is 133878361 a prime number?
True
Is 57653317 composite?
True
Is 9057437 prime?
False
Is 213169351 a prime number?
True
Is 16274953 prime?
True
Is 7611421 composite?
False
Is 3494669 a composite number?
False
Is 37281053 prime?
True
Is 26779139 a prime number?
True
Is 988759 prime?
True
Is 8890043 a composite number?
True
Is 39104593 composite?
True
Is 427965611 a prime number?
False
Is 144385903 prime?
True
Is 7991057 prime?
True
Is 9122 composite?
True
Is 8385799 composite?
True
Is 269629051 a prime number?
True
Is 273653 prime?
True
Is 32160907 prime?
True
Is 35251943 a composite number?
True
Is 25220033 prime?
True
Is 97297 a composite number?
True
Is 123161 composite?
True
Is 596295209 a composite number?
True
Is 118624213 prime?
True
Is 27976783 prime?
True
Is 16232803 composite?
False
Is 4893797 composite?
True
Is 657305347 prime?
True
Is 30113579 a composite number?
True
Is 14283901 a composite number?
True
Is 3380901773 prime?
True
Is 4390409 a prime number?
True
Is 2014333 composite?
False
Is 266993 composite?
False
Is 40762681 prime?
False
Is 12573163 composite?
False
Is 1134762963 a prime number?
False
Is 21673013 prime?
False
Is 3667519 composite?
True
Is 1647631 a composite number?
True
Is 12897427 a prime number?
True
Is 30311873 prime?
False
Is 262462427 composite?
True
Is 7051 composite?
True
Is 515229347 composite?
True
Is 11469805 a composite number?
True
Is 16042757 a prime number?
True
Is 421777 composite?
True
Is 24023501 a prime number?
True
Is 621974531 a prime number?
True
Is 91734595 a prime number?
False
Is 26951869 a prime number?
False
Is 41120717 prime?
False
Is 23536111 a composite number?
False
Is 1663513 prime?
True
Is 94711951 composite?
False
Is 3791167 prime?
True
Is 232654423 a composite number?
False
Is 6916471 a composite number?
True
Is 80830619 prime?
True
Is 68375173 a composite number?
True
Is 85744829 a prime number?
True
Is 24359695 a prime number?
False
Is 1155293 composite?
False
Is 452998153 composite?
False
Is 1576519 prime?
False
Is 195191 prime?
False
Is 9620587 a composite number?
True
Is 803773513 prime?
True
Is 17160706 composite?
True
Is 8144117 a prime number?
False
Is 93462547 a composite number?
True
Is 76887557 a composite number?
False
Is 19064153 composite?
True
Is 103216349 a prime number?
False
Is 314231357 composite?
True
Is 161503 a prime number?
True
Is 111733499 prime?
False
Is 793600727 prime?
False
Is 289409903 composite?
False
Is 8028677 prime?
False
Is 5680559 composite?
False
Is 13254382 a prime number?
False
Is 1003307 composite?
False
Is 145499 a prime number?
False
Is 15532679 prime?
False
Is 64940641 prime?
False
Is 545291 a composite number?
False
Is 24712343 composite?
False
Is 557119 prime?
False
Is 136878055 composite?
True
Is 120367651 prime?
True
Is 45286027 a prime number?
True
Is 4694927 composite?
False
Is 20549153 composite?
False
Is 44041007 a prime number?
False
Is 2056903 a prime number?
True
Is 30203609 composite?
False
Is 108228563 composite?
True
Is 15558277 composite?
True
Is 258281189 a prime number?
False
Is 359295389 a composite number?
False
Is 61623053 a prime number?
True
Is 1739141 composite?
True
Is 5611541 a prime number?
False
Is 35138513 a composite number?
False
Is 4641401 a composite number?
False
Is 23481893 a prime number?
True
Is 6918703 a composite number?
True
Is 27881051 prime?
False
Is 10572087 prime?
False
Is 532573 a composite number?
True
Is 1816937 composite?
True
Is 23523349 a composite number?
True
Is 86281 a composite number?
True
Is 1395773 prime?
True
Is 835495 composite?
True
Is 799343 prime?
True
Is 9742453 a prime number?
False
Is 146974133 prime?
False
Is 8412221 a composite number?
False
Is 10526353 a composite number?
False
Is 3388027 prime?
False
Is 1385743 composite?
False
Is 20510651 composite?
True
Is 10170197 composite?
False
Is 8487329 composite?
False
Is 893183 a prime number?
True
Is 49559 composite?
False
Is 336004241 composite?
False
Is 25565057 composite?
True
Is 7156763 composite?
True
Is 12191569 composite?
True
Is 6745801 a prime number?
True
Is 25269749 composite?
False
Is 783949 a prime number?
False
Is 9544443 composite?
True
Is 4335769 a prime number?
False
Is 4790893 composite?
False
Is 17623 a prime number?
True
Is 9871157 a composite number?
False
Is 5937821 a composite number?
True
Is 46864637 composite?
False
Is 236978669 a prime number?
True
Is 21322661 composite?
False
Is 14969897 a prime number?
True
Is 210676129 a prime number?
False
Is 46214899 a composite number?
False
Is 344766739 composite?
False
Is 96862109 a prime number?
False
Is 505181 a composite number?
False
Is 50852077 composite?
True
Is 14703007 a composite number?
True
Is 3818389 a composite number?
False
Is 1800905 composite?
True
Is 773897203 a prime number?
True
Is 1762793 a composite number?
False
Is 4399123 prime?
True
Is 33203897 prime?
True
Is 328165561 a prime number?
True
Is 51562499 a prime number?
True
Is 3568567 a prime number?
True
Is 91987091 prime?
False
Is 75977299 a composite number?
False
Is 637265087 prime?
True
Is 15312361 a prime number?
False
Is 79512217 a prime number?
True
Is 8134099 a prime number?
True
Is 196808743 composite?
False
Is 93514 composite?
True
Is 1470673 a composite number?
True
Is 35732867 prime?
False
Is 1326543 a prime number?
False
Is 366890389 composite?
False
Is 15835583 composite?
False
Is 333202741 a prime number?
False
Is 21441857 composite?
False
Is 6880099 composite?
False
Is 124770773 composite?
True
Is 327683 a composite number?
True
Is 18732986 a prime number?
False
Is 93643 a composite number?
True
Is 37659331 composite?
False
Is 35845853 prime?
True
Is 5265517 composite?
False
Is 124299689 composite?
True
Is 9199987 a prime number?
True
Is 49526189 a composite number?
True
Is 28147534 prime?
False
Is 16059077 composite?
True
Is 99648715 prime?
False
Is 61059539 prime?
True
Is 104708365 prime?
False
Is 79355593 a prime number?
True
Is 143162333 a composite number?
False
Is 2668751 composite?
True
Is 16551049 composite?
False
Is 226847 composite?
True
Is 682321 p